tens digit of 4/x - (4 + (-655)/v)?
6
Let q(a) = -a**2 + 13*a + 8. Let c(p) = 22*p - 6. Let d be c(2). Suppose -5*o + 40 = 4*b - 3, 5*b = -o + d. What is the units digit of q(b)?
0
Let k(i) = -74*i - 54*i + 21*i + 249 - 21*i. What is the units digit of k(-7)?
5
Let q(t) = -4*t**2 + 0*t**2 - 5 - 145*t**3 + 6*t + 147*t**3. Let a be q(2). Let b = 47 + a. What is the units digit of b?
4
What is the hundreds digit of 49770 - ((-10 - -4) + (-171)/(-27))*-6?
7
Let a(n) = 23 + 19 + 14*n - 32 - 6*n + 177*n**2. What is the tens digit of a(-3)?
7
Let h = 419 + -214. Suppose 19*b - 14*b - h = 0. Suppose -37*a + b*a = 116. What is the units digit of a?
9
Let b = 19292 + -11137. What is the units digit of b?
5
Let k(d) = 866*d**3 - 2*d**2 + 210*d - 829. What is the thousands digit of k(4)?
5
Suppose 3 = u - 1. Suppose -210*c - 36480 = -234*c. Suppose u*s = -16*s + c. What is the units digit of s?
6
Suppose -710537 = 51*z - 3628400. What is the thousands digit of z?
7
Suppose -o + 144360 + 188910 = 20*o. What is the hundreds digit of o?
8
Suppose -114*a + 582233 = 25*a - 3674225. What is the hundreds digit of a?
6
Suppose 4*t + 2*l = 18, 3*t - l - 15 = -3*l. Suppose -2780 = -7*f - t*f. What is the tens digit of f?
7
Let f = -2853 + 15326. What is the tens digit of f?
7
Suppose 7*p = 5841 - 346. Let m = 1331 - p. What is the units digit of m?
6
Let y = 3515 - -19515. What is the hundreds digit of y?
0
Suppose 0 = 9*p - 973 + 415. Let d = 48 - 28. Suppose -21*u + p = -d*u. What is the tens digit of u?
6
Let k = 81 - 76. Suppose -2*l = -4*p + 358, k*p - l - 3*l - 455 = 0. What is the tens digit of p?
8
Let l(o) = o**3 - 7*o**2 - 2*o + 13. Let c(v) = 3*v - 35. Let b be c(14). Let d be l(b). Let k(p) = -13*p**3 + 3*p**2 - 1. What is the units digit of k(d)?
5
Let l(c) = 1827*c - 1637. What is the tens digit of l(11)?
6
Let r(d) = -24*d**3 - 4*d**2 + 9*d - 3. Let t be r(-8). What is the hundreds digit of 28/(-210) + t/15?
7
Let v = 3981 - -1109. What is the hundreds digit of v?
0
Let y be ((-320)/4)/(-4) + -3. Suppose y = 5*l - 33. Let o = -7 + l. What is the units digit of o?
3
Let n(u) = 26*u**2 - 3*u - 2. Let d(t) be the first derivative of t - 4. Let a(c) = -d(c) + n(c). What is the tens digit of a(2)?
9
Suppose 3*t = -0*t + 1653. Suppose 0 = -u + 2*g + 3*g + t, 2*u - g = 1093. What is the hundreds digit of u?
5
Suppose 13*n - 68 + 16 = 0. Suppose 5*g = 2*z + 2201, -5*g + n*z = -1115 - 1092. What is the units digit of g?
9
Let i(s) = -10*s**3 + 7*s**2 + 3*s - 4. Let v be i(5). What is the thousands digit of (56 - 59)/(3/v)?
1
Let m(o) = 4262*o**2 - 88*o - 270. What is the tens digit of m(-3)?
5
Let t = -8552 + 9752. What is the thousands digit of t?
1
Let u = 42609 + -35511. What is the units digit of u?
8
Let v(r) = 2*r**3 - 42*r**2 + 185*r - 11. What is the hundreds digit of v(5)?
1
Let r(w) = 5494*w**2 + 20*w - 3. What is the tens digit of r(1)?
1
Let x = 730 + -1250. What is the hundreds digit of ((-1)/4)/(7/(-28)) - x?
5
Let p = -15 + 23. Suppose 4*f + 3065 = -3*l, -4*f - 5055 = 5*l - p*f. What is the units digit of (-10)/(-45) - l/9?
3
Suppose 0 = 7*o - 8*o + 2*y, -2*o + 2*y = -2. Suppose 0 = 9*h - o*h - 3206. What is the tens digit of h?
5
Let c(m) = 25 + 6*m - 154*m**2 - 155*m**2 + 308*m**2. What is the units digit of c(5)?
0
What is the units digit of (-3480)/(-20)*(8/(-4) - -3)?
4
What is the units digit of ((-135)/30)/(39/(-115232))?
6
Suppose 3*a + 14660 = 2*z, 2*z - 12665 = -4*a + 1995. What is the thousands digit of z?
7
Suppose 0 = -20*j - 5*j + 3150. Suppose -j = -6*q + 5*q. What is the tens digit of q?
2
Let u = 81763 + -50046. What is the ten thousands digit of u?
3
Suppose -187489 + 129224 = -26*i + 236497. What is the thousands digit of i?
1
Suppose -2*h + 3*i + 6 = -3*h, -h + i + 10 = 0. Suppose -7*f + h*f + 3*s + 333 = 0, 0 = 4*s. What is the units digit of f?
3
Let r(c) = -7*c - 60. Let g be r(-9). Suppose -g*t + 3*i + 277 = -473, 0 = -5*t + 2*i + 1253. What is the hundreds digit of t?
2
Let s = -682 - -4054. Suppose -201*c - s = -205*c. What is the tens digit of c?
4
Suppose -20*g + 28*g - 203*g + 2392455 = 0. What is the units digit of g?
9
Suppose 428*g - 4655820 = 146*g. What is the ten thousands digit of g?
1
Let l(n) = -30*n + 21. Let t be l(-8). Let k = -125 + t. What is the hundreds digit of (k - 4/(-4))*1?
1
Let m be 2 + -2 + 144 + -1. Let x = -7 - m. What is the tens digit of 20/(12/x*-5)?
5
Let d be -360*-2*(-145)/(-30). Let f be d/12 - (0 + 0). Let t = f - 115. What is the hundreds digit of t?
1
Let v = -28665 + 56011. What is the tens digit of v?
4
Let t = 16 - 22. Let k be 33 + (-8)/3 + 2/t. Let u = 17 + k. What is the units digit of u?
7
Suppose 51788 = 10*b - 56*b + 338874. What is the tens digit of b?
4
Suppose 4*b - 1 = 7, 0 = 2*y + b - 30. Let m be (-1)/2*(y - -2 - 4). What is the units digit of 263/3 - (-4)/m?
7
Let u(a) = a**2 - 27. Let w be u(6). Suppose w*z - 1108 = 5*z. Suppose 3*l - z = 5*s, 2*s = -2*l - 0*s + 174. What is the tens digit of l?
8
Let u = 17 - 13. Suppose -u*a - 1090 = -226. What is the units digit of (-40)/(-3)*a/(-32)?
0
Suppose 2*b - 4*o - 4458 = 0, 3*b - 6757 = 596*o - 600*o. What is the thousands digit of b?
2
Let r be 2*(85 - 1) + 4. What is the units digit of (r - 181)*(148/(-6) + -1)?
1
Suppose q = 4*n + 19617, 25*q + 19644 = 26*q - n. What is the units digit of q?
3
Let k = 7206 + -4175. Let w = -2034 + k. What is the hundreds digit of w?
9
Suppose c = 5*z + 14, -5*z - 20 = -z - 3*c. What is the units digit of (-5193)/(-15) - z - 3/15?
8
Let p = 9905 - 4801. Suppose 3*q + 10 = -z, -3*z - z + 4 = q. What is the units digit of (-14)/((-1280)/p - z/(-11))?
3
Suppose -5 = -5*z + 25. Suppose 0 = -4*w + 4, -7*w = -b - z*w + 90. Suppose -p = -b - 50. What is the tens digit of p?
4
Suppose 7*a = 2*z + 9*a + 46, z - 3*a + 11 = 0. Let n(u) = -2*u**3 - 38*u**2 + 11*u - 47. What is the tens digit of n(z)?
3
Let n = 178 + -356. Let m be ((-94)/235)/((-1)/(-185)). Let p = m - n. What is the units digit of p?
4
Suppose -2*p + 32 = 6*p. Suppose -262*b = -264*b + p. Suppose -n + b = -2, f + 4*n - 87 = 0. What is the units digit of f?
1
Let c be (-80)/(-1 - 114/(-120)). Suppose 4*n + 0*n + 4*i - c = 0, -6 = 2*i. What is the hundreds digit of n?
4
Let h = -2190 - -3131. Let g = 1483 - h. What is the units digit of g?
2
Suppose 23*c + 1644 = 19*c. Let z = -158 - c. What is the hundreds digit of z?
2
Let g = 28 + 90. Let a = -137 + g. Let t(q) = -2*q**3 - 38*q**2 - 11*q + 26. What is the hundreds digit of t(a)?
2
Suppose 3*g - 8712 = -5*q, 5*g + 2*q + 2 = 14484. What is the tens digit of g?
9
What is the units digit of (0/(-3) - (-2347065)/504) + (-2)/(-16)?
7
Let c(w) = -1 + 5*w**2 + 0*w - 3*w**2 + w**2 - w. Let o be c(2). Suppose -4*b + o*b + 212 = 4*u, -4*u - 2*b = -240. What is the units digit of u?
8
Suppose t - 3*c = -0*t + 7, 0 = 2*t + 5*c + 8. Suppose 5*b - 5*p = 35, 0 = b + 4*p - 3*p - t. Suppose b*j - 211 - 261 = 0. What is the hundreds digit of j?
1
Suppose -484523 - 182245 = -16*r. What is the hundreds digit of r?
6
Suppose 0 = -0*v - 5*v - 1490. Let j = 2745 - 3190. Let c = v - j. What is the tens digit of c?
4
Let j(u) = 1 + 7 + 12 - u. Let c be j(18). Suppose -124 - 60 = -c*k. What is the tens digit of k?
9
Let s be -7 - 8/(-2) - -7. What is the thousands digit of (196/(-8))/(s/(-272) + 0)?
1
Let g = 1458 - 1329. Let k be ((-4)/6)/((-2)/78). Suppose -g + k = -j. What is the hundreds digit of j?
1
Suppose -5 = -17*v + 12*v. Let q be 56/42*(-37 + v). What is the units digit of 2/(-12)*2*q?
6
Let r(k) = 6855*k - 187. What is the hundreds digit of r(2)?
5
Suppose 277*x = 311*x - 63886. What is the units digit of x?
9
Let l be (-5)/(175/(-91)) + (-2)/(-5). Let v be 176/24 + l/(-9). Suppose v*s = 5*s + 70. What is the tens digit of s?
3
What is the tens digit of (5 + (-8220)/8)*26/(-65)?
0
Let z(j) = j + 1. Let k(n) = 5*n + 9. Let m(h) = -k(h) + 4*z(h). Let d be m(-10). Suppose -3*v + d*s = -179, 3*s = 4*v + 6*s - 258. What is the tens digit of v?
6
Suppose -5*u - 34 = q - 111, -u + 25 = 5*q. Suppose -24*o + 21*o - u = 0. What is the tens digit of (-124)/o - (-80)/(-100)?
2
Let j(r) = r**2 - 4*r - 7. Let y be j(6). Suppose 5*f - u = 2180, 0 = -3*f + y*u - 4*u + 1308. What is the units digit of f?